{"id":957,"date":"2023-07-29T11:36:06","date_gmt":"2023-07-29T11:36:06","guid":{"rendered":"https:\/\/demo.kanthemes.com.tr\/geoit\/teknoloji-2\/?page_id=957"},"modified":"2023-08-06T22:21:20","modified_gmt":"2023-08-06T22:21:20","slug":"abonelik","status":"publish","type":"page","link":"https:\/\/demo.kanthemes.com.tr\/geoit\/teknoloji-2\/abonelik\/","title":{"rendered":"Abonelik"},"content":{"rendered":"\t\t<div data-elementor-type=\"wp-page\" data-elementor-id=\"957\" class=\"elementor elementor-957\">\n\t\t\t\t\t\t<section class=\"elementor-section elementor-top-section elementor-element elementor-element-fa03535 elementor-section-boxed elementor-section-height-default elementor-section-height-default\" data-id=\"fa03535\" data-element_type=\"section\" data-e-type=\"section\">\n\t\t\t\t\t\t<div class=\"elementor-container elementor-column-gap-default\">\n\t\t\t\t\t<div class=\"elementor-column elementor-col-100 elementor-top-column elementor-element elementor-element-13283d2\" data-id=\"13283d2\" data-element_type=\"column\" data-e-type=\"column\">\n\t\t\t<div class=\"elementor-widget-wrap elementor-element-populated\">\n\t\t\t\t\t\t<div class=\"elementor-element elementor-element-e5d0fd1 elementor-widget__width-initial elementor-widget-divider--separator-type-pattern elementor-widget-divider--view-line elementor-widget elementor-widget-divider\" data-id=\"e5d0fd1\" data-element_type=\"widget\" data-e-type=\"widget\" data-widget_type=\"divider.default\">\n\t\t\t\t<div class=\"elementor-widget-container\">\n\t\t\t\t\t\t\t<div class=\"elementor-divider\" style=\"--divider-pattern-url: url(&quot;data:image\/svg+xml,%3Csvg xmlns=&#039;http:\/\/www.w3.org\/2000\/svg&#039; preserveAspectRatio=&#039;none&#039; overflow=&#039;visible&#039; height=&#039;100%&#039; viewBox=&#039;0 0 24 24&#039; fill=&#039;none&#039; stroke=&#039;black&#039; stroke-width=&#039;1&#039; stroke-linecap=&#039;square&#039; stroke-miterlimit=&#039;10&#039;%3E%3Cpolyline points=&#039;0,18 12,6 24,18 &#039;\/%3E%3C\/svg%3E&quot;);\">\n\t\t\t<span class=\"elementor-divider-separator\">\n\t\t\t\t\t\t<\/span>\n\t\t<\/div>\n\t\t\t\t\t\t<\/div>\n\t\t\t\t<\/div>\n\t\t\t\t<div class=\"elementor-element elementor-element-a262df3 elementor-widget elementor-widget-heading\" data-id=\"a262df3\" data-element_type=\"widget\" data-e-type=\"widget\" data-widget_type=\"heading.default\">\n\t\t\t\t<div class=\"elementor-widget-container\">\n\t\t\t\t\t<h3 class=\"elementor-heading-title elementor-size-default\"><span style=\"color: var(--theme_color)\">GeoInsight<\/span> i\u00e7in haz\u0131rlanan i\u00e7erikler<\/h3>\t\t\t\t<\/div>\n\t\t\t\t<\/div>\n\t\t\t\t<div class=\"elementor-element elementor-element-1873551 elementor-widget elementor-widget-spacer\" data-id=\"1873551\" data-element_type=\"widget\" data-e-type=\"widget\" data-widget_type=\"spacer.default\">\n\t\t\t\t<div class=\"elementor-widget-container\">\n\t\t\t\t\t\t\t<div class=\"elementor-spacer\">\n\t\t\t<div class=\"elementor-spacer-inner\"><\/div>\n\t\t<\/div>\n\t\t\t\t\t\t<\/div>\n\t\t\t\t<\/div>\n\t\t\t\t<div class=\"kan_elementor_block elementor-element elementor-element-3d851b9 elementor-widget elementor-widget-geoit-posts\" data-id=\"3d851b9\" data-element_type=\"widget\" data-e-type=\"widget\" data-widget_type=\"geoit-posts.default\">\n\t\t\t\t<div class=\"elementor-widget-container\">\n\t\t\t\t\t\r\n\t\t<div class=\"kan_col_3e3 kan_vc_block kan_vc_posts kan_post_block_4\">\r\n\t\t\t\t\t\t\t\t\t\t\t\t\t<div class=\"masonry masonry-grid\">\r\n            <div class=\"kan_col_item uck-card post\">\r\n        \t\t\t<div class=\"uck-card--image\">\r\n\t\t\t\t\t\t<a href='https:\/\/demo.kanthemes.com.tr\/geoit\/teknoloji-2\/2023\/07\/27\/hello-world-2\/' title='Microsoft, Windows 11\u2019de batarya performans\u0131n\u0131 optimize etmeye haz\u0131rlan\u0131yor: \u00d6zellik yolda!'>\r\n\t\t\t\t<img fetchpriority=\"high\" decoding=\"async\" width=\"640\" height=\"372\" src=\"https:\/\/demo.kanthemes.com.tr\/geoit\/teknoloji-2\/wp-content\/uploads\/2023\/07\/pexels-ruben-boekeloo-16332815-640x372.jpg\" class=\"attachment-geo-medium size-geo-medium wp-post-image\" alt=\"pexels-ruben-boekeloo-16332815\" \/>\t\t\t<\/a>\r\n\t\t\t<button class=\"jm-post-like jm-post-like-189\" data-nonce=\"bed621c242\" data-post-id=\"189\" data-iscomment=\"0\" title=\"Favorilerime Ekle\" aria-label=\"Favorilerime Ekle\"><i class=\"gi gi-bookmark-o\"><\/i><span class=\"geo-like-count\" >3<\/span><span id=\"geo-like-loader\"><\/span><\/button>\t\t\t  \r\n\t\t\t\t\t\t\t\t\t\r\n\t\t<\/div>\r\n\t          \r\n                              <div class=\"uck-card--content\">\r\n          \r\n          <h3 class=\"headline truncate truncate-3x\" ><a href=\"https:\/\/demo.kanthemes.com.tr\/geoit\/teknoloji-2\/2023\/07\/27\/hello-world-2\/\" rel=\"bookmark\">Microsoft, Windows 11\u2019de batarya performans\u0131n\u0131 optimize etmeye haz\u0131rlan\u0131yor: \u00d6zellik yolda!<\/a><\/h3>          \t<span class=\"date\"><i class=\"gi gi-clock-o\"><\/i> Temmuz 27, 2023<\/span> \t   \r\n\t\t\t\t\t  \r\n\t\t\t\t        <\/div>\r\n      <\/div>\r\n                <div class=\"kan_col_item uck-card post\">\r\n        \t\t\t<div class=\"uck-card--image\">\r\n\t\t\t\t\t\t<a href='https:\/\/demo.kanthemes.com.tr\/geoit\/teknoloji-2\/2023\/07\/27\/hello-world-3\/' title='Bataryas\u0131 dolu telefon kapan\u0131yor: Nas\u0131l \u00e7\u00f6z\u00fcl\u00fcr?'>\r\n\t\t\t\t<img decoding=\"async\" width=\"640\" height=\"372\" src=\"https:\/\/demo.kanthemes.com.tr\/geoit\/teknoloji-2\/wp-content\/uploads\/2023\/07\/pexels-lisa-fotios-1092644-640x372.jpg\" class=\"attachment-geo-medium size-geo-medium wp-post-image\" alt=\"pexels-lisa-fotios-1092644\" \/>\t\t\t<\/a>\r\n\t\t\t<button class=\"jm-post-like jm-post-like-186\" data-nonce=\"bed621c242\" data-post-id=\"186\" data-iscomment=\"0\" title=\"Favorilerime Ekle\" aria-label=\"Favorilerime Ekle\"><i class=\"gi gi-bookmark-o\"><\/i><span class=\"geo-like-count\" >1<\/span><span id=\"geo-like-loader\"><\/span><\/button>\t\t\t  \r\n\t\t\t\t\t\t\t\t\t\r\n\t\t<\/div>\r\n\t          \r\n                              <div class=\"uck-card--content\">\r\n          \r\n          <h3 class=\"headline truncate truncate-3x\" ><a href=\"https:\/\/demo.kanthemes.com.tr\/geoit\/teknoloji-2\/2023\/07\/27\/hello-world-3\/\" rel=\"bookmark\">Bataryas\u0131 dolu telefon kapan\u0131yor: Nas\u0131l \u00e7\u00f6z\u00fcl\u00fcr?<\/a><\/h3>          \t<span class=\"date\"><i class=\"gi gi-clock-o\"><\/i> Temmuz 27, 2023<\/span> \t   \r\n\t\t\t\t\t  \r\n\t\t\t\t        <\/div>\r\n      <\/div>\r\n                <div class=\"kan_col_item uck-card post\">\r\n        \t\t\t<div class=\"uck-card--image\">\r\n\t\t\t\t\t\t<a href='https:\/\/demo.kanthemes.com.tr\/geoit\/teknoloji-2\/2023\/07\/27\/hello-world-4\/' title='Netflix beklenen \u00f6zelli\u011fini tan\u0131tt\u0131! \u0130\u015fte detaylar'>\r\n\t\t\t\t<img decoding=\"async\" width=\"640\" height=\"372\" src=\"https:\/\/demo.kanthemes.com.tr\/geoit\/teknoloji-2\/wp-content\/uploads\/2023\/07\/pexels-thisisengineering-3861458-640x372.jpg\" class=\"attachment-geo-medium size-geo-medium wp-post-image\" alt=\"pexels-thisisengineering-3861458\" \/>\t\t\t<\/a>\r\n\t\t\t<button class=\"jm-post-like jm-post-like-183\" data-nonce=\"bed621c242\" data-post-id=\"183\" data-iscomment=\"0\" title=\"Favorilerime Ekle\" aria-label=\"Favorilerime Ekle\"><i class=\"gi gi-bookmark-o\"><\/i><span class=\"geo-like-count\" ><\/span><span id=\"geo-like-loader\"><\/span><\/button>\t\t\t  \r\n\t\t\t\t\t\t\t\t\t\r\n\t\t<\/div>\r\n\t          \r\n                              <div class=\"uck-card--content\">\r\n          \r\n          <h3 class=\"headline truncate truncate-3x\" ><a href=\"https:\/\/demo.kanthemes.com.tr\/geoit\/teknoloji-2\/2023\/07\/27\/hello-world-4\/\" rel=\"bookmark\">Netflix beklenen \u00f6zelli\u011fini tan\u0131tt\u0131! \u0130\u015fte detaylar<\/a><\/h3>          \t<span class=\"date\"><i class=\"gi gi-clock-o\"><\/i> Temmuz 27, 2023<\/span> \t   \r\n\t\t\t\t\t  \r\n\t\t\t\t        <\/div>\r\n      <\/div>\r\n                <div class=\"kan_col_item uck-card post\">\r\n        \t\t\t<div class=\"uck-card--image\">\r\n\t\t\t\t\t\t<a href='https:\/\/demo.kanthemes.com.tr\/geoit\/teknoloji-2\/2023\/07\/27\/hello-world-5\/' title='ChatGPT Android uygulamas\u0131 yay\u0131nda! T\u00fcrkiye\u2019de a\u00e7\u0131ld\u0131 m\u0131?'>\r\n\t\t\t\t<img loading=\"lazy\" decoding=\"async\" width=\"640\" height=\"372\" src=\"https:\/\/demo.kanthemes.com.tr\/geoit\/teknoloji-2\/wp-content\/uploads\/2023\/07\/pexels-pixabay-147413-640x372.jpg\" class=\"attachment-geo-medium size-geo-medium wp-post-image\" alt=\"pexels-pixabay-147413\" \/>\t\t\t<\/a>\r\n\t\t\t<button class=\"jm-post-like jm-post-like-180\" data-nonce=\"bed621c242\" data-post-id=\"180\" data-iscomment=\"0\" title=\"Favorilerime Ekle\" aria-label=\"Favorilerime Ekle\"><i class=\"gi gi-bookmark-o\"><\/i><span class=\"geo-like-count\" ><\/span><span id=\"geo-like-loader\"><\/span><\/button>\t\t\t  \r\n\t\t\t\t\t\t\t\t\t\r\n\t\t<\/div>\r\n\t          \r\n                              <div class=\"uck-card--content\">\r\n          \r\n          <h3 class=\"headline truncate truncate-3x\" ><a href=\"https:\/\/demo.kanthemes.com.tr\/geoit\/teknoloji-2\/2023\/07\/27\/hello-world-5\/\" rel=\"bookmark\">ChatGPT Android uygulamas\u0131 yay\u0131nda! T\u00fcrkiye\u2019de a\u00e7\u0131ld\u0131 m\u0131?<\/a><\/h3>          \t<span class=\"date\"><i class=\"gi gi-clock-o\"><\/i> Temmuz 27, 2023<\/span> \t   \r\n\t\t\t\t\t  \r\n\t\t\t\t        <\/div>\r\n      <\/div>\r\n            <\/div>\t\t<\/div>\r\n\r\n\t\t\t\t\t\t<\/div>\n\t\t\t\t<\/div>\n\t\t\t\t\t<\/div>\n\t\t<\/div>\n\t\t\t\t\t<\/div>\n\t\t<\/section>\n\t\t\t\t<section class=\"elementor-section elementor-top-section elementor-element elementor-element-38ec505 elementor-section-boxed elementor-section-height-default elementor-section-height-default\" data-id=\"38ec505\" data-element_type=\"section\" data-e-type=\"section\">\n\t\t\t\t\t\t<div class=\"elementor-container elementor-column-gap-default\">\n\t\t\t\t\t<div class=\"elementor-column elementor-col-100 elementor-top-column elementor-element elementor-element-b3fcf1e\" data-id=\"b3fcf1e\" data-element_type=\"column\" data-e-type=\"column\">\n\t\t\t<div class=\"elementor-widget-wrap elementor-element-populated\">\n\t\t\t\t\t\t<div class=\"elementor-element elementor-element-0986898 elementor-widget__width-initial elementor-widget-divider--separator-type-pattern elementor-widget-divider--view-line elementor-widget elementor-widget-divider\" data-id=\"0986898\" data-element_type=\"widget\" data-e-type=\"widget\" data-widget_type=\"divider.default\">\n\t\t\t\t<div class=\"elementor-widget-container\">\n\t\t\t\t\t\t\t<div class=\"elementor-divider\" style=\"--divider-pattern-url: url(&quot;data:image\/svg+xml,%3Csvg xmlns=&#039;http:\/\/www.w3.org\/2000\/svg&#039; preserveAspectRatio=&#039;none&#039; overflow=&#039;visible&#039; height=&#039;100%&#039; viewBox=&#039;0 0 24 24&#039; fill=&#039;none&#039; stroke=&#039;black&#039; stroke-width=&#039;1&#039; stroke-linecap=&#039;square&#039; stroke-miterlimit=&#039;10&#039;%3E%3Cpolyline points=&#039;0,18 12,6 24,18 &#039;\/%3E%3C\/svg%3E&quot;);\">\n\t\t\t<span class=\"elementor-divider-separator\">\n\t\t\t\t\t\t<\/span>\n\t\t<\/div>\n\t\t\t\t\t\t<\/div>\n\t\t\t\t<\/div>\n\t\t\t\t<div class=\"elementor-element elementor-element-a610bb6 elementor-widget elementor-widget-heading\" data-id=\"a610bb6\" data-element_type=\"widget\" data-e-type=\"widget\" data-widget_type=\"heading.default\">\n\t\t\t\t<div class=\"elementor-widget-container\">\n\t\t\t\t\t<h3 class=\"elementor-heading-title elementor-size-default\">T\u00fcm sorular\u0131n\u0131z cevapland\u0131<\/h3>\t\t\t\t<\/div>\n\t\t\t\t<\/div>\n\t\t\t\t<div class=\"elementor-element elementor-element-6748f2a elementor-widget elementor-widget-spacer\" data-id=\"6748f2a\" data-element_type=\"widget\" data-e-type=\"widget\" data-widget_type=\"spacer.default\">\n\t\t\t\t<div class=\"elementor-widget-container\">\n\t\t\t\t\t\t\t<div class=\"elementor-spacer\">\n\t\t\t<div class=\"elementor-spacer-inner\"><\/div>\n\t\t<\/div>\n\t\t\t\t\t\t<\/div>\n\t\t\t\t<\/div>\n\t\t\t\t<div class=\"elementor-element elementor-element-3903f1b elementor-widget__width-initial elementor-widget elementor-widget-accordion\" data-id=\"3903f1b\" data-element_type=\"widget\" data-e-type=\"widget\" data-widget_type=\"accordion.default\">\n\t\t\t\t<div class=\"elementor-widget-container\">\n\t\t\t\t\t\t\t<div class=\"elementor-accordion\">\n\t\t\t\t\t\t\t<div class=\"elementor-accordion-item\">\n\t\t\t\t\t<h3 id=\"elementor-tab-title-5971\" class=\"elementor-tab-title\" data-tab=\"1\" role=\"button\" aria-controls=\"elementor-tab-content-5971\" aria-expanded=\"false\">\n\t\t\t\t\t\t\t\t\t\t\t\t\t<span class=\"elementor-accordion-icon elementor-accordion-icon-left\" aria-hidden=\"true\">\n\t\t\t\t\t\t\t\t\t\t\t\t\t\t\t<span class=\"elementor-accordion-icon-closed\"><svg class=\"e-font-icon-svg e-fas-plus\" viewBox=\"0 0 448 512\" xmlns=\"http:\/\/www.w3.org\/2000\/svg\"><path d=\"M416 208H272V64c0-17.67-14.33-32-32-32h-32c-17.67 0-32 14.33-32 32v144H32c-17.67 0-32 14.33-32 32v32c0 17.67 14.33 32 32 32h144v144c0 17.67 14.33 32 32 32h32c17.67 0 32-14.33 32-32V304h144c17.67 0 32-14.33 32-32v-32c0-17.67-14.33-32-32-32z\"><\/path><\/svg><\/span>\n\t\t\t\t\t\t\t\t<span class=\"elementor-accordion-icon-opened\"><svg class=\"e-font-icon-svg e-fas-minus\" viewBox=\"0 0 448 512\" xmlns=\"http:\/\/www.w3.org\/2000\/svg\"><path d=\"M416 208H32c-17.67 0-32 14.33-32 32v32c0 17.67 14.33 32 32 32h384c17.67 0 32-14.33 32-32v-32c0-17.67-14.33-32-32-32z\"><\/path><\/svg><\/span>\n\t\t\t\t\t\t\t\t\t\t\t\t\t\t<\/span>\n\t\t\t\t\t\t\t\t\t\t\t\t<a class=\"elementor-accordion-title\" tabindex=\"0\">Akordiyon #1<\/a>\n\t\t\t\t\t<\/h3>\n\t\t\t\t\t<div id=\"elementor-tab-content-5971\" class=\"elementor-tab-content elementor-clearfix\" data-tab=\"1\" role=\"region\" aria-labelledby=\"elementor-tab-title-5971\">Lorem ipsum dolor sit amet, consectetur adipiscing elit. Ut elit tellus, luctus nec ullamcorper mattis, pulvinar dapibus leo.<\/div>\n\t\t\t\t<\/div>\n\t\t\t\t\t\t\t<div class=\"elementor-accordion-item\">\n\t\t\t\t\t<h3 id=\"elementor-tab-title-5972\" class=\"elementor-tab-title\" data-tab=\"2\" role=\"button\" aria-controls=\"elementor-tab-content-5972\" aria-expanded=\"false\">\n\t\t\t\t\t\t\t\t\t\t\t\t\t<span class=\"elementor-accordion-icon elementor-accordion-icon-left\" aria-hidden=\"true\">\n\t\t\t\t\t\t\t\t\t\t\t\t\t\t\t<span class=\"elementor-accordion-icon-closed\"><svg class=\"e-font-icon-svg e-fas-plus\" viewBox=\"0 0 448 512\" xmlns=\"http:\/\/www.w3.org\/2000\/svg\"><path d=\"M416 208H272V64c0-17.67-14.33-32-32-32h-32c-17.67 0-32 14.33-32 32v144H32c-17.67 0-32 14.33-32 32v32c0 17.67 14.33 32 32 32h144v144c0 17.67 14.33 32 32 32h32c17.67 0 32-14.33 32-32V304h144c17.67 0 32-14.33 32-32v-32c0-17.67-14.33-32-32-32z\"><\/path><\/svg><\/span>\n\t\t\t\t\t\t\t\t<span class=\"elementor-accordion-icon-opened\"><svg class=\"e-font-icon-svg e-fas-minus\" viewBox=\"0 0 448 512\" xmlns=\"http:\/\/www.w3.org\/2000\/svg\"><path d=\"M416 208H32c-17.67 0-32 14.33-32 32v32c0 17.67 14.33 32 32 32h384c17.67 0 32-14.33 32-32v-32c0-17.67-14.33-32-32-32z\"><\/path><\/svg><\/span>\n\t\t\t\t\t\t\t\t\t\t\t\t\t\t<\/span>\n\t\t\t\t\t\t\t\t\t\t\t\t<a class=\"elementor-accordion-title\" tabindex=\"0\">Akordiyon #2<\/a>\n\t\t\t\t\t<\/h3>\n\t\t\t\t\t<div id=\"elementor-tab-content-5972\" class=\"elementor-tab-content elementor-clearfix\" data-tab=\"2\" role=\"region\" aria-labelledby=\"elementor-tab-title-5972\">Lorem ipsum dolor sit amet, consectetur adipiscing elit. Ut elit tellus, luctus nec ullamcorper mattis, pulvinar dapibus leo.<\/div>\n\t\t\t\t<\/div>\n\t\t\t\t\t\t\t<div class=\"elementor-accordion-item\">\n\t\t\t\t\t<h3 id=\"elementor-tab-title-5973\" class=\"elementor-tab-title\" data-tab=\"3\" role=\"button\" aria-controls=\"elementor-tab-content-5973\" aria-expanded=\"false\">\n\t\t\t\t\t\t\t\t\t\t\t\t\t<span class=\"elementor-accordion-icon elementor-accordion-icon-left\" aria-hidden=\"true\">\n\t\t\t\t\t\t\t\t\t\t\t\t\t\t\t<span class=\"elementor-accordion-icon-closed\"><svg class=\"e-font-icon-svg e-fas-plus\" viewBox=\"0 0 448 512\" xmlns=\"http:\/\/www.w3.org\/2000\/svg\"><path d=\"M416 208H272V64c0-17.67-14.33-32-32-32h-32c-17.67 0-32 14.33-32 32v144H32c-17.67 0-32 14.33-32 32v32c0 17.67 14.33 32 32 32h144v144c0 17.67 14.33 32 32 32h32c17.67 0 32-14.33 32-32V304h144c17.67 0 32-14.33 32-32v-32c0-17.67-14.33-32-32-32z\"><\/path><\/svg><\/span>\n\t\t\t\t\t\t\t\t<span class=\"elementor-accordion-icon-opened\"><svg class=\"e-font-icon-svg e-fas-minus\" viewBox=\"0 0 448 512\" xmlns=\"http:\/\/www.w3.org\/2000\/svg\"><path d=\"M416 208H32c-17.67 0-32 14.33-32 32v32c0 17.67 14.33 32 32 32h384c17.67 0 32-14.33 32-32v-32c0-17.67-14.33-32-32-32z\"><\/path><\/svg><\/span>\n\t\t\t\t\t\t\t\t\t\t\t\t\t\t<\/span>\n\t\t\t\t\t\t\t\t\t\t\t\t<a class=\"elementor-accordion-title\" tabindex=\"0\">Akordiyon #3<\/a>\n\t\t\t\t\t<\/h3>\n\t\t\t\t\t<div id=\"elementor-tab-content-5973\" class=\"elementor-tab-content elementor-clearfix\" data-tab=\"3\" role=\"region\" aria-labelledby=\"elementor-tab-title-5973\">Lorem ipsum dolor sit amet, consectetur adipiscing elit. Ut elit tellus, luctus nec ullamcorper mattis, pulvinar dapibus leo.<\/div>\n\t\t\t\t<\/div>\n\t\t\t\t\t\t\t<div class=\"elementor-accordion-item\">\n\t\t\t\t\t<h3 id=\"elementor-tab-title-5974\" class=\"elementor-tab-title\" data-tab=\"4\" role=\"button\" aria-controls=\"elementor-tab-content-5974\" aria-expanded=\"false\">\n\t\t\t\t\t\t\t\t\t\t\t\t\t<span class=\"elementor-accordion-icon elementor-accordion-icon-left\" aria-hidden=\"true\">\n\t\t\t\t\t\t\t\t\t\t\t\t\t\t\t<span class=\"elementor-accordion-icon-closed\"><svg class=\"e-font-icon-svg e-fas-plus\" viewBox=\"0 0 448 512\" xmlns=\"http:\/\/www.w3.org\/2000\/svg\"><path d=\"M416 208H272V64c0-17.67-14.33-32-32-32h-32c-17.67 0-32 14.33-32 32v144H32c-17.67 0-32 14.33-32 32v32c0 17.67 14.33 32 32 32h144v144c0 17.67 14.33 32 32 32h32c17.67 0 32-14.33 32-32V304h144c17.67 0 32-14.33 32-32v-32c0-17.67-14.33-32-32-32z\"><\/path><\/svg><\/span>\n\t\t\t\t\t\t\t\t<span class=\"elementor-accordion-icon-opened\"><svg class=\"e-font-icon-svg e-fas-minus\" viewBox=\"0 0 448 512\" xmlns=\"http:\/\/www.w3.org\/2000\/svg\"><path d=\"M416 208H32c-17.67 0-32 14.33-32 32v32c0 17.67 14.33 32 32 32h384c17.67 0 32-14.33 32-32v-32c0-17.67-14.33-32-32-32z\"><\/path><\/svg><\/span>\n\t\t\t\t\t\t\t\t\t\t\t\t\t\t<\/span>\n\t\t\t\t\t\t\t\t\t\t\t\t<a class=\"elementor-accordion-title\" tabindex=\"0\">Akordiyon #4<\/a>\n\t\t\t\t\t<\/h3>\n\t\t\t\t\t<div id=\"elementor-tab-content-5974\" class=\"elementor-tab-content elementor-clearfix\" data-tab=\"4\" role=\"region\" aria-labelledby=\"elementor-tab-title-5974\">Lorem ipsum dolor sit amet, consectetur adipiscing elit. Ut elit tellus, luctus nec ullamcorper mattis, pulvinar dapibus leo.<\/div>\n\t\t\t\t<\/div>\n\t\t\t\t\t\t\t\t\t\t<script type=\"application\/ld+json\">{\"@context\":\"https:\\\/\\\/schema.org\",\"@type\":\"FAQPage\",\"mainEntity\":[{\"@type\":\"Question\",\"name\":\"Akordiyon #1\",\"acceptedAnswer\":{\"@type\":\"Answer\",\"text\":\"Lorem ipsum dolor sit amet, consectetur adipiscing elit. Ut elit tellus, luctus nec ullamcorper mattis, pulvinar dapibus leo.\"}},{\"@type\":\"Question\",\"name\":\"Akordiyon #2\",\"acceptedAnswer\":{\"@type\":\"Answer\",\"text\":\"Lorem ipsum dolor sit amet, consectetur adipiscing elit. Ut elit tellus, luctus nec ullamcorper mattis, pulvinar dapibus leo.\"}},{\"@type\":\"Question\",\"name\":\"Akordiyon #3\",\"acceptedAnswer\":{\"@type\":\"Answer\",\"text\":\"Lorem ipsum dolor sit amet, consectetur adipiscing elit. Ut elit tellus, luctus nec ullamcorper mattis, pulvinar dapibus leo.\"}},{\"@type\":\"Question\",\"name\":\"Akordiyon #4\",\"acceptedAnswer\":{\"@type\":\"Answer\",\"text\":\"Lorem ipsum dolor sit amet, consectetur adipiscing elit. Ut elit tellus, luctus nec ullamcorper mattis, pulvinar dapibus leo.\"}}]}<\/script>\n\t\t\t\t\t<\/div>\n\t\t\t\t\t\t<\/div>\n\t\t\t\t<\/div>\n\t\t\t\t\t<\/div>\n\t\t<\/div>\n\t\t\t\t\t<\/div>\n\t\t<\/section>\n\t\t\t\t<section class=\"elementor-section elementor-top-section elementor-element elementor-element-3c483af elementor-section-boxed elementor-section-height-default elementor-section-height-default\" data-id=\"3c483af\" data-element_type=\"section\" data-e-type=\"section\">\n\t\t\t\t\t\t<div class=\"elementor-container elementor-column-gap-default\">\n\t\t\t\t\t<div class=\"elementor-column elementor-col-100 elementor-top-column elementor-element elementor-element-2645984\" data-id=\"2645984\" data-element_type=\"column\" data-e-type=\"column\">\n\t\t\t<div class=\"elementor-widget-wrap elementor-element-populated\">\n\t\t\t\t\t\t<div class=\"elementor-element elementor-element-1807ac9 elementor-widget__width-initial elementor-widget-divider--separator-type-pattern elementor-widget-divider--view-line elementor-widget elementor-widget-divider\" data-id=\"1807ac9\" data-element_type=\"widget\" data-e-type=\"widget\" data-widget_type=\"divider.default\">\n\t\t\t\t<div class=\"elementor-widget-container\">\n\t\t\t\t\t\t\t<div class=\"elementor-divider\" style=\"--divider-pattern-url: url(&quot;data:image\/svg+xml,%3Csvg xmlns=&#039;http:\/\/www.w3.org\/2000\/svg&#039; preserveAspectRatio=&#039;none&#039; overflow=&#039;visible&#039; height=&#039;100%&#039; viewBox=&#039;0 0 24 24&#039; fill=&#039;none&#039; stroke=&#039;black&#039; stroke-width=&#039;1&#039; stroke-linecap=&#039;square&#039; stroke-miterlimit=&#039;10&#039;%3E%3Cpolyline points=&#039;0,18 12,6 24,18 &#039;\/%3E%3C\/svg%3E&quot;);\">\n\t\t\t<span class=\"elementor-divider-separator\">\n\t\t\t\t\t\t<\/span>\n\t\t<\/div>\n\t\t\t\t\t\t<\/div>\n\t\t\t\t<\/div>\n\t\t\t\t<div class=\"elementor-element elementor-element-2dd1286 elementor-widget elementor-widget-heading\" data-id=\"2dd1286\" data-element_type=\"widget\" data-e-type=\"widget\" data-widget_type=\"heading.default\">\n\t\t\t\t<div class=\"elementor-widget-container\">\n\t\t\t\t\t<h1 class=\"elementor-heading-title elementor-size-default\"><span style=\"color: var(--theme_color)\">GeoInsight'\u0131<br><\/span>\nKimler kullan\u0131yor?<\/h1>\t\t\t\t<\/div>\n\t\t\t\t<\/div>\n\t\t\t\t<div class=\"elementor-element elementor-element-4928b4e elementor-widget elementor-widget-spacer\" data-id=\"4928b4e\" data-element_type=\"widget\" data-e-type=\"widget\" data-widget_type=\"spacer.default\">\n\t\t\t\t<div class=\"elementor-widget-container\">\n\t\t\t\t\t\t\t<div class=\"elementor-spacer\">\n\t\t\t<div class=\"elementor-spacer-inner\"><\/div>\n\t\t<\/div>\n\t\t\t\t\t\t<\/div>\n\t\t\t\t<\/div>\n\t\t\t\t<div class=\"elementor-element elementor-element-d7a6b1b elementor-pagination-position-outside elementor-widget elementor-widget-image-carousel\" data-id=\"d7a6b1b\" data-element_type=\"widget\" data-e-type=\"widget\" data-settings=\"{&quot;slides_to_show&quot;:&quot;4&quot;,&quot;navigation&quot;:&quot;dots&quot;,&quot;autoplay&quot;:&quot;yes&quot;,&quot;pause_on_hover&quot;:&quot;yes&quot;,&quot;pause_on_interaction&quot;:&quot;yes&quot;,&quot;autoplay_speed&quot;:5000,&quot;infinite&quot;:&quot;yes&quot;,&quot;speed&quot;:500}\" data-widget_type=\"image-carousel.default\">\n\t\t\t\t<div class=\"elementor-widget-container\">\n\t\t\t\t\t\t\t<div class=\"elementor-image-carousel-wrapper swiper\" role=\"region\" aria-roledescription=\"carousel\" aria-label=\"Resim D\u00f6ng\u00fcs\u00fc\" dir=\"ltr\">\n\t\t\t<div class=\"elementor-image-carousel swiper-wrapper\" aria-live=\"off\">\n\t\t\t\t\t\t\t\t<div class=\"swiper-slide\" role=\"group\" aria-roledescription=\"slide\" aria-label=\"1 \/ 5\"><figure class=\"swiper-slide-inner\"><img decoding=\"async\" class=\"swiper-slide-image\" src=\"https:\/\/demo.kanthemes.com.tr\/geoit\/teknoloji-2\/wp-content\/uploads\/2023\/07\/1.png\" alt=\"1\" \/><\/figure><\/div><div class=\"swiper-slide\" role=\"group\" aria-roledescription=\"slide\" aria-label=\"2 \/ 5\"><figure class=\"swiper-slide-inner\"><img decoding=\"async\" class=\"swiper-slide-image\" src=\"https:\/\/demo.kanthemes.com.tr\/geoit\/teknoloji-2\/wp-content\/uploads\/2023\/07\/2.png\" alt=\"2\" \/><\/figure><\/div><div class=\"swiper-slide\" role=\"group\" aria-roledescription=\"slide\" aria-label=\"3 \/ 5\"><figure class=\"swiper-slide-inner\"><img decoding=\"async\" class=\"swiper-slide-image\" src=\"https:\/\/demo.kanthemes.com.tr\/geoit\/teknoloji-2\/wp-content\/uploads\/2023\/07\/3.png\" alt=\"3\" \/><\/figure><\/div><div class=\"swiper-slide\" role=\"group\" aria-roledescription=\"slide\" aria-label=\"4 \/ 5\"><figure class=\"swiper-slide-inner\"><img decoding=\"async\" class=\"swiper-slide-image\" src=\"https:\/\/demo.kanthemes.com.tr\/geoit\/teknoloji-2\/wp-content\/uploads\/2023\/07\/4.png\" alt=\"4\" \/><\/figure><\/div><div class=\"swiper-slide\" role=\"group\" aria-roledescription=\"slide\" aria-label=\"5 \/ 5\"><figure class=\"swiper-slide-inner\"><img decoding=\"async\" class=\"swiper-slide-image\" src=\"https:\/\/demo.kanthemes.com.tr\/geoit\/teknoloji-2\/wp-content\/uploads\/2023\/07\/5.png\" alt=\"5\" \/><\/figure><\/div>\t\t\t<\/div>\n\t\t\t\t\t\t\t\n\t\t\t\t\t\t\t\t\t<div class=\"swiper-pagination\"><\/div>\n\t\t\t\t\t\t\t\t\t<\/div>\n\t\t\t\t\t\t<\/div>\n\t\t\t\t<\/div>\n\t\t\t\t\t<\/div>\n\t\t<\/div>\n\t\t\t\t\t<\/div>\n\t\t<\/section>\n\t\t\t\t<\/div>\n\t\t","protected":false},"excerpt":{"rendered":"<p>GeoInsight i\u00e7in haz\u0131rlanan i\u00e7erikler Microsoft, Windows 11\u2019de batarya performans\u0131n\u0131 optimize etmeye haz\u0131rlan\u0131yor: \u00d6zellik yolda! Temmuz&#46;&#46;&#46;<\/p>\n","protected":false},"author":1,"featured_media":0,"parent":0,"menu_order":0,"comment_status":"closed","ping_status":"closed","template":"temp\/template-insights.php","meta":{"_bbp_topic_count":0,"_bbp_reply_count":0,"_bbp_total_topic_count":0,"_bbp_total_reply_count":0,"_bbp_voice_count":0,"_bbp_anonymous_reply_count":0,"_bbp_topic_count_hidden":0,"_bbp_reply_count_hidden":0,"_bbp_forum_subforum_count":0,"footnotes":""},"class_list":["post-957","page","type-page","status-publish","hentry"],"_links":{"self":[{"href":"https:\/\/demo.kanthemes.com.tr\/geoit\/teknoloji-2\/wp-json\/wp\/v2\/pages\/957","targetHints":{"allow":["GET"]}}],"collection":[{"href":"https:\/\/demo.kanthemes.com.tr\/geoit\/teknoloji-2\/wp-json\/wp\/v2\/pages"}],"about":[{"href":"https:\/\/demo.kanthemes.com.tr\/geoit\/teknoloji-2\/wp-json\/wp\/v2\/types\/page"}],"author":[{"embeddable":true,"href":"https:\/\/demo.kanthemes.com.tr\/geoit\/teknoloji-2\/wp-json\/wp\/v2\/users\/1"}],"replies":[{"embeddable":true,"href":"https:\/\/demo.kanthemes.com.tr\/geoit\/teknoloji-2\/wp-json\/wp\/v2\/comments?post=957"}],"version-history":[{"count":53,"href":"https:\/\/demo.kanthemes.com.tr\/geoit\/teknoloji-2\/wp-json\/wp\/v2\/pages\/957\/revisions"}],"predecessor-version":[{"id":1146,"href":"https:\/\/demo.kanthemes.com.tr\/geoit\/teknoloji-2\/wp-json\/wp\/v2\/pages\/957\/revisions\/1146"}],"wp:attachment":[{"href":"https:\/\/demo.kanthemes.com.tr\/geoit\/teknoloji-2\/wp-json\/wp\/v2\/media?parent=957"}],"curies":[{"name":"wp","href":"https:\/\/api.w.org\/{rel}","templated":true}]}}